{"id":43,"date":"2018-10-03T18:30:40","date_gmt":"2018-10-03T16:30:40","guid":{"rendered":"https:\/\/skargardsnjut.se\/?page_id=43"},"modified":"2019-01-09T14:04:21","modified_gmt":"2019-01-09T13:04:21","slug":"njutdesign","status":"publish","type":"page","link":"https:\/\/skargardsnjut.se\/?page_id=43","title":{"rendered":"Tors\u00f6s souvenir"},"content":{"rendered":"<div class=\"wpb-content-wrapper\"><p>[vc_row][vc_column]<div class=\"dt-fancy-separator h1-size\" style=\"width: 100%;\"><div class=\"dt-fancy-title\"><span class=\"separator-holder separator-left\"><\/span>Tors\u00f6s souvenir ``Tors\u00f6vargen``<span class=\"separator-holder separator-right\"><\/span><\/div><\/div>[\/vc_column][\/vc_row][vc_row][vc_column][vc_column_text]<\/p>\n<p class=\"Stil84\" style=\"text-align: center;\" align=\"center\"><span class=\"Stil73\"><span lang=\"sv\" xml:lang=\"sv\">F\u00f6rr tog Tors\u00f6borna sina skrindor \u00f6ver isen till Mariestad f\u00f6r att byta varor. De liknades vid en flock vargar eftersom de ofta gick i rad \u00f6ver isen, precis som vargar g\u00f6r \u2026s\u00e5 d\u00f6ptes de till &#8221;Tors\u00f6vargar&#8221;. S\u00e4gnen s\u00e4ger att om vanten kastades framf\u00f6r dem och isen h\u00f6ll f\u00f6r vanten, h\u00f6ll den \u00e4ven f\u00f6r Tors\u00f6bon! Skr\u00f6nan ber\u00e4ttas fr\u00e5n generation till generation ute bland 22\u00a0000 \u00f6ar kobbar och sk\u00e4r i V\u00e4nern.\u00a0<\/span><\/span><\/p>\n<p style=\"text-align: center;\">Tors\u00f6vargen pryder idag brost\u00f6den p\u00e5 den vackra Tors\u00f6bron som f\u00f6rbinder fastlandet med Tors\u00f6. Den h\u00e4lsar Dig \u00e4ven v\u00e4lkommen ovanf\u00f6r entr\u00e9d\u00f6rren till Tors\u00f6 Kyrka!<\/p>\n<p>[\/vc_column_text][\/vc_column][\/vc_row][vc_row][vc_column width=&#8221;1\/3&#8243;]<div class=\"ult-just-icon-wrapper  \"><div class=\"align-icon\" style=\"text-align:center;\">\n<div class=\"aio-icon circle \"  style=\"color:#100e68;background:#ffffff;font-size:32px;display:inline-block;\">\n\t<i class=\"Defaults-tags\"><\/i>\n<\/div><\/div><\/div>[vc_column_text]<\/p>\n<p style=\"text-align: center;\"><strong>Tors\u00f6varg \u00a0Blompinne \/\u00a0<span class=\"Stil79\">Svart smidesj\u00e4rn<br \/>\n<\/span><\/strong>200 SEK<\/p>\n<p>[\/vc_column_text][\/vc_column][vc_column width=&#8221;1\/3&#8243;][vc_empty_space][vc_single_image image=&#8221;53327&#8243; img_size=&#8221;large&#8221; alignment=&#8221;center&#8221; style=&#8221;vc_box_rounded&#8221; css=&#8221;.vc_custom_1540201396087{border-radius: 30px !important;}&#8221;][\/vc_column][vc_column width=&#8221;1\/3&#8243;]<div class=\"ult-just-icon-wrapper  \"><div class=\"align-icon\" style=\"text-align:center;\">\n<div class=\"aio-icon circle \"  style=\"color:#100e68;background:#ffffff;font-size:32px;display:inline-block;\">\n\t<i class=\"Defaults-shopping-cart\"><\/i>\n<\/div><\/div><\/div>[vc_column_text]<\/p>\n<p style=\"text-align: center;\"><span class=\"Stil76\"><em>Best\u00e4llning:<br \/>\n<\/em><\/span><span class=\"Stil76\">Ring +46 (0)72 2 39 31 72<br \/>\neller maila:\u00a0<a href=\"mailto:info@skargardsnjut.se\" target=\"_blank\" rel=\"nofollow noopener\">info@skargardsnjut.se<\/a><\/span><\/p>\n<p>[\/vc_column_text][\/vc_column][\/vc_row][vc_row][vc_column][vc_column_text]<\/p>\n<p style=\"text-align: center;\"><span class=\"Stil76\"><em>F\u00f6rs\u00e4ljningsst\u00e4lle:<br \/>\n<\/em><\/span>Hotell Aqva Restaurang &amp; Bar , Viktoriagatan 15,\u00a0Mariestad<\/p>\n<p>[\/vc_column_text][\/vc_column][\/vc_row]<\/p>\n<\/div>","protected":false},"excerpt":{"rendered":"<p>[vc_row][vc_column][\/vc_column][\/vc_row][vc_row][vc_column][vc_column_text] F\u00f6rr tog Tors\u00f6borna sina skrindor \u00f6ver isen till Mariestad f\u00f6r att byta varor. De liknades vid en flock vargar eftersom de ofta gick i rad \u00f6ver isen, precis som vargar g\u00f6r \u2026s\u00e5 d\u00f6ptes de till &#8221;Tors\u00f6vargar&#8221;. S\u00e4gnen s\u00e4ger att om vanten kastades framf\u00f6r dem och isen h\u00f6ll f\u00f6r vanten, h\u00f6ll den \u00e4ven f\u00f6r Tors\u00f6bon!&hellip;<\/p>\n","protected":false},"author":3,"featured_media":0,"parent":0,"menu_order":0,"comment_status":"closed","ping_status":"closed","template":"","meta":{"footnotes":""},"class_list":["post-43","page","type-page","status-publish","hentry","description-off"],"_links":{"self":[{"href":"https:\/\/skargardsnjut.se\/index.php?rest_route=\/wp\/v2\/pages\/43","targetHints":{"allow":["GET"]}}],"collection":[{"href":"https:\/\/skargardsnjut.se\/index.php?rest_route=\/wp\/v2\/pages"}],"about":[{"href":"https:\/\/skargardsnjut.se\/index.php?rest_route=\/wp\/v2\/types\/page"}],"author":[{"embeddable":true,"href":"https:\/\/skargardsnjut.se\/index.php?rest_route=\/wp\/v2\/users\/3"}],"replies":[{"embeddable":true,"href":"https:\/\/skargardsnjut.se\/index.php?rest_route=%2Fwp%2Fv2%2Fcomments&post=43"}],"version-history":[{"count":40,"href":"https:\/\/skargardsnjut.se\/index.php?rest_route=\/wp\/v2\/pages\/43\/revisions"}],"predecessor-version":[{"id":54371,"href":"https:\/\/skargardsnjut.se\/index.php?rest_route=\/wp\/v2\/pages\/43\/revisions\/54371"}],"wp:attachment":[{"href":"https:\/\/skargardsnjut.se\/index.php?rest_route=%2Fwp%2Fv2%2Fmedia&parent=43"}],"curies":[{"name":"wp","href":"https:\/\/api.w.org\/{rel}","templated":true}]}}