{"id":45,"date":"2018-10-03T18:30:40","date_gmt":"2018-10-03T16:30:40","guid":{"rendered":"https:\/\/skargardsnjut.se\/?page_id=45"},"modified":"2018-11-30T19:29:02","modified_gmt":"2018-11-30T18:29:02","slug":"kontakt","status":"publish","type":"page","link":"https:\/\/skargardsnjut.se\/?page_id=45","title":{"rendered":"Kontaktpersoner"},"content":{"rendered":"<div class=\"wpb-content-wrapper\"><p>[vc_row][vc_column width=&#8221;1\/3&#8243;][vc_single_image image=&#8221;53319&#8243; alignment=&#8221;center&#8221; style=&#8221;vc_box_border_circle_2&#8243; border_color=&#8221;white&#8221;][\/vc_column][vc_column width=&#8221;1\/3&#8243;][vc_column_text]<\/p>\n<p style=\"text-align: center;\"><strong>Sofia &amp; Per Svensson<\/strong><\/p>\n<p style=\"text-align: center;\">Tors\u00f6 Sk\u00e4rg\u00e5rdsnjut &amp; Konsult<\/p>\n<p style=\"text-align: center;\">Turist och konferensarrang\u00f6r<\/p>\n<p style=\"text-align: center;\">Klaraberg 1, 542 91 Tors\u00f6<\/p>\n<p style=\"text-align: center;\">0501-21400, 072-239 31 72, 073-778 95 90<\/p>\n<p style=\"text-align: center;\">info@skargardsnjut.se<\/p>\n<p style=\"text-align: center;\">innehar F-skatt<\/p>\n<p style=\"text-align: center;\">Vi t\u00e4nker p\u00e5 milj\u00f6n!<\/p>\n<p style=\"text-align: center;\">Buss nr 511 stannar 500 m fr\u00e5n <strong>Huset p\u00e5 berget.<\/strong><\/p>\n<p style=\"text-align: center;\">se <a href=\"https:\/\/www.vasttrafik.se\/\" target=\"_blank\" rel=\"noopener\">https:\/\/www.vasttrafik.se\/<\/a><\/p>\n<p style=\"text-align: center;\">V\u00e4gbeskrivning:<\/p>\n<p style=\"text-align: center;\">K\u00f6r 1 km efter Tors\u00f6bron, sv v\u00e4 mot Dill\u00f6 450 m,sv v\u00e4 150 m. F\u00f6lj skyltarna!<\/p>\n<p style=\"text-align: center;\">58.78082 N, 13.81940 E<\/p>\n<p style=\"text-align: center;\">H\u00e4r finns bes\u00f6ksserviceplats med aktuell turistinformation.<\/p>\n<p style=\"text-align: center;\">Klick g\u00e4rna p\u00e5:<\/p>\n<p style=\"text-align: center;\"><a href=\"https:\/\/mariestad.se\/\" target=\"_blank\" rel=\"noopener\">https:\/\/mariestad.se\/<\/a><\/p>\n<p>[\/vc_column_text][\/vc_column][vc_column width=&#8221;1\/3&#8243;][vc_single_image image=&#8221;53313&#8243; alignment=&#8221;center&#8221; style=&#8221;vc_box_border_circle_2&#8243; border_color=&#8221;white&#8221;][\/vc_column][\/vc_row]<\/p>\n<\/div>","protected":false},"excerpt":{"rendered":"<p>[vc_row][vc_column width=&#8221;1\/3&#8243;][vc_single_image image=&#8221;53319&#8243; alignment=&#8221;center&#8221; style=&#8221;vc_box_border_circle_2&#8243; border_color=&#8221;white&#8221;][\/vc_column][vc_column width=&#8221;1\/3&#8243;][vc_column_text] Sofia &amp; Per Svensson Tors\u00f6 Sk\u00e4rg\u00e5rdsnjut &amp; Konsult Turist och konferensarrang\u00f6r Klaraberg 1, 542 91 Tors\u00f6 0501-21400, 072-239 31 72, 073-778 95 90 info@skargardsnjut.se innehar F-skatt Vi t\u00e4nker p\u00e5 milj\u00f6n! Buss nr 511 stannar 500 m fr\u00e5n Huset p\u00e5 berget. se https:\/\/www.vasttrafik.se\/ V\u00e4gbeskrivning: K\u00f6r 1 km efter Tors\u00f6bron,&hellip;<\/p>\n","protected":false},"author":3,"featured_media":0,"parent":0,"menu_order":0,"comment_status":"closed","ping_status":"closed","template":"","meta":{"footnotes":""},"class_list":["post-45","page","type-page","status-publish","hentry","description-off"],"_links":{"self":[{"href":"https:\/\/skargardsnjut.se\/index.php?rest_route=\/wp\/v2\/pages\/45","targetHints":{"allow":["GET"]}}],"collection":[{"href":"https:\/\/skargardsnjut.se\/index.php?rest_route=\/wp\/v2\/pages"}],"about":[{"href":"https:\/\/skargardsnjut.se\/index.php?rest_route=\/wp\/v2\/types\/page"}],"author":[{"embeddable":true,"href":"https:\/\/skargardsnjut.se\/index.php?rest_route=\/wp\/v2\/users\/3"}],"replies":[{"embeddable":true,"href":"https:\/\/skargardsnjut.se\/index.php?rest_route=%2Fwp%2Fv2%2Fcomments&post=45"}],"version-history":[{"count":38,"href":"https:\/\/skargardsnjut.se\/index.php?rest_route=\/wp\/v2\/pages\/45\/revisions"}],"predecessor-version":[{"id":54229,"href":"https:\/\/skargardsnjut.se\/index.php?rest_route=\/wp\/v2\/pages\/45\/revisions\/54229"}],"wp:attachment":[{"href":"https:\/\/skargardsnjut.se\/index.php?rest_route=%2Fwp%2Fv2%2Fmedia&parent=45"}],"curies":[{"name":"wp","href":"https:\/\/api.w.org\/{rel}","templated":true}]}}